 What is j(u)?
8
Suppose -2*w + 21 = 3. Suppose x = v - 2, -4*v + w - 46 = 5*x. Let c(l) = -l**2 + 3. Calculate c(v).
-6
Let a(z) be the first derivative of 4*z**2 - 16. Give a(1).
8
Let g(k) be the second derivative of 1/3*k**4 + 0 - 1/20*k**5 - 3*k + 2*k**2 + 0*k**3. Suppose 3*n - 9 = 3. Give g(n).
4
Let k(q) = -5*q**2 - 6*q - 4. Let h(r) = -r**2 + 5*r + 10. Let i be h(6). Let s(t) = -6*t**2 - 5*t - 3. Let j(m) = i*k(m) - 5*s(m). Determine j(1).
10
Let n(z) = 3*z + 210*z**2 - 211*z**2 - 10 + 4*z + 3*z. Calculate n(9).
-1
Let w(u) = 6*u**2 + u**2 + 7*u**3 - 1 - 6*u**3 - 4*u**2. What is w(2)?
19
Let u(z) be the second derivative of -z**3/6 + z**2 + z. Suppose -4*t = -5*m + 38, 4*t + 6*m + 56 = 2*m. Let j = t - -8. What is u(j)?
6
Let i(t) be the second derivative of t**5/20 - t**4/4 - 3*t**2/2 - 14*t. What is i(4)?
13
Let y be 12/14*14/8*-2. Let r(f) = -f**2 - 3*f - 2. Give r(y).
-2
Let o(a) = -a**2 - a + 2. Let v be 4 + (-6)/3 - 1. Let q = v + -4. What is o(q)?
-4
Let j(i) = 11 - 5 + 0 + 3*i + i**2. Let g(x) = -x - 11. Let h be 51/(-7) - (-2)/7. Let a be g(h). Determine j(a).
10
Let h(w) = -3*w**3 + w**2 + w + 1. Let k(g) = -4*g**3 + 2*g**2 + 2*g + 1. Let y(d) = -3*h(d) + 2*k(d). Determine y(0).
-1
Let x be (-1)/(-2)*(1 + 9). Suppose 3*t - 2 - 4 = 0. Let r(k) = 2 - k**3 + k + t*k**3 - 5*k**2 - 3. What is r(x)?
4
Let v(x) be the first derivative of -x**3/3 + 2*x**2 - 4*x + 1. Let b be 8 + (20/(-4))/1. Calculate v(b).
-1
Let w(r) be the first derivative of r**3/3 - r**2/2 + 3. Let y be w(0). Let t(c) = 4*c - 7. Let k(d) = 5*d - 8. Let q(s) = -5*k(s) + 6*t(s). Calculate q(y).
-2
Suppose 2*z = 4*z. Let t(c) = z*c**2 - c**3 - 2*c**2 - 3*c + 4*c. Suppose -3*w - 1 = 8. What is t(w)?
6
Let q(h) = 3*h + 3. Suppose -3*o + 4 = -17. Determine q(o).
24
Let f(g) be the second derivative of -1/6*g**3 + g**2 - 4*g + 0. Determine f(2).
0
Let r(w) = 3*w**3 + 2*w**2 + w. Let x(v) = -v**3 + 3*v**2 - v. Let b be x(2). Suppose -8 = 2*n + 3*i, b*n + i = n - 3. Give r(n).
-2
Let f = -5 + -4. Let n = -5 - f. Suppose 0 = -5*b + n*a - 36, 4 = -0*b + 2*b + 3*a. Let l(q) = 2*q + 2. What is l(b)?
-6
Let p = -44 - -48. Let h(x) = x**3 - 2*x**2 - 6*x + 2. Give h(p).
10
Let n(o) = -3*o**3 + 2*o**2 - o + 1. Let g(z) = 4*z**3 - z**2 - 1. Let y(q) = 2*g(q) + 3*n(q). What is y(2)?
3
Let d(u) be the second derivative of u**5/120 - u**4/24 + 7*u**3/6 + 3*u. Let r(g) be the second derivative of d(g). Calculate r(1).
0
Let i(v) = -v**2 + 7*v + 4. Let a(n) = -n - 1. Let j(z) = 5*a(z) + i(z). What is j(3)?
-4
Let m(f) = 149*f**2 - 13 - 158*f**2 + 3*f**3 - 4*f**3. Determine m(-9).
-13
Suppose -7 - 5 = -4*b. Let f(v) = -3*v**3 + 4*v + 0*v + 3*v**2 + b*v**3 - v**3 - 2. What is f(3)?
10
Let a(g) be the third derivative of g**4/24 - g**3/6 - 21*g**2. Give a(3).
2
Let n(c) = -c**3 + 7*c**2 - c + 4. Suppose 0 = 11*y - 4*y - 49. Calculate n(y).
-3
Let h(p) = p**3 - 5*p**2 - 6*p + 7. Let x = 34 + -28. Calculate h(x).
7
Let x(j) = 7*j**2 - 3*j + 1. Let o be x(1). Suppose 4*v - o*s - 33 = -0*v, -5*v = s - 5. Let m(w) = w + 2. Determine m(v).
4
Let b(a) be the third derivative of a**4/4 + 11*a**3/6 - 2*a**2. Suppose f + 2 = -3. Let g(u) = -3*u - 6. Let v(w) = f*g(w) - 3*b(w). What is v(-4)?
9
Let h(s) = -s**2 + 7*s + 8. Let k be h(8). Suppose -4*o + 5*d + 8 = -5, d = -o + 1. Let f(r) = -6 + 2 + o*r - 3*r. What is f(k)?
-4
Let p(m) = -m**2 - 5*m - 6. Let x = -112 - -108. Calculate p(x).
-2
Let h = -6 - -8. Let a(k) = 2*k. Let c be a(1). Let j(u) = -2*u - 6*u**c + 5*u**h - 6 - 4*u. Calculate j(-4).
2
Let i(w) = 2*w + 1. Let q(a) = -a**3 + 7*a**2 - a + 7. Let d be q(7). Let h = d - 2. Determine i(h).
-3
Let k(n) be the second derivative of 1/20*n**5 + 0 - n + 1/3*n**3 + 5/12*n**4 + 0*n**2. Let a = 26 - 31. What is k(a)?
-10
Let y(z) = -z**2 - 2*z - 1. Suppose 22*d - 1 = 23*d. Calculate y(d).
0
Let r(u) = -u**2 + 4*u - 1. Suppose -3*y + 10 = w - 9, -y - 2 = 2*w. Suppose 0 = -3*x + 7*x + y. Let f = 2 - x. Determine r(f).
-1
Let n(a) = 1 + 4*a**2 - 50*a - 3*a**2 + 50*a. Calculate n(2).
5
Let b = -133 + 130. Let n(k) = k**3 + 4*k**2 - 4. What is n(b)?
5
Let k(i) = -2*i**3 - 5*i**2 - 8*i + 1. Let r(n) = 5*n**3 + 14*n**2 + 23*n - 4. Let p(z) = 8*k(z) + 3*r(z). Suppose 6*o - 27 + 9 = 0. What is p(o)?
2
Let g(z) be the first derivative of -z**3/3 + 4*z**2 - 3*z + 3. Determine g(8).
-3
Suppose 0 = 4*n - 7 - 5. Suppose -4*b + 22 = b - n*u, -u - 4 = 0. Let f(j) = -5*j + 3 + 3*j**b - j - 2*j**2. Give f(5).
-2
Let t(i) = -2*i**2 - 2 + i**2 - 2 + 5*i + 12. Let j be 18/(-21)*1*7. Let r be (9/j)/(2/(-8)). Calculate t(r).
2
Let k(y) = 6*y - 11. Let u(r) = 5*r - 10. Let g(b) = 4*k(b) - 5*u(b). Give g(5).
1
Suppose -u - 4 = 4*j - 3*j, -3*u + 3*j - 36 = 0. Let x(c) = -c - 3. What is x(u)?
5
Let h(b) = -b**3 - b**2 + b - 1. Suppose -3*r - 6 = 2*o, 5*r + o + o = -10. Give h(r).
1
Let y(o) = o**3 - 5*o**2 + 2. Let z be y(5). Let k(v) = -5*v**3 - 2*v. Let a(i) = 4*i**3 + 2*i. Let l(r) = 6*a(r) + 5*k(r). Give l(z).
-4
Let k(b) = b**3 + 3*b**2 - 3*b. Suppose 2*q + 0 + 6 = 0. Let a = 2 + -9. Let s = a - q. What is k(s)?
-4
Let s(f) = f**3 - f**2 - f. Let l be s(2). Let n(c) = c**2 + 5*c**3 - 4*c**l - 1 + 4*c**2. Let m be (-1)/(0 + -1)*-1. What is n(m)?
-5
Let r(y) = -4*y**3 - 3*y**2 + 3*y - 1. Let c be r(1). Let s(w) = w**2 + 2*w - 7. Determine s(c).
8
Suppose 3*d - i = -2*d + 25, 20 = 4*d + 5*i. Let q = 5 - 3. Let l(f) = -5*f + f**q - 2 + d + 2. Calculate l(4).
1
Suppose 3*q - 5 - 13 = 0. Let d(s) = -s**3 + 5*s**2 + 7*s - 2. What is d(q)?
4
Let q be 2*1*1/(-2). Let u(r) be the third derivative of 1/6*r**3 + 1/12*r**4 + 0*r**5 + 2*r**2 + 0 + 0*r + 1/40*r**6. Determine u(q).
-4
Let k = 1 + 1. Suppose 36 = 2*v + k*v. Suppose 5*l = 3*t - 12 - 5, -3*l + v = 3*t. Let a(b) = -2*b + 5. Give a(t).
-3
Let p(n) = n**2 - 8*n + 7. Suppose 8*b - 2*f - 45 = 3*b, f + 45 = 5*b. Give p(b).
16
Let g(m) = 6*m**2 + m. Let w be g(1). Let c(i) = -4*i. Let l(k) = 2*k. Let z(j) = w*l(j) + 3*c(j). Suppose 3 = 5*x + 18. What is z(x)?
-6
Let q = -16 + 16. Let d be 4/14 + (-66)/(-14). Let j(c) = -2 - c**3 + c + 0 + d - c**2. Determine j(q).
3
Let p(a) = -a + 6. Let k(t) = 1. Let w(i) = 5*k(i) - p(i). Let g(m) = -m**2 + 3*m + 4. Let c be g(3). What is w(c)?
3
Let s(t) = -2*t - 4*t + 4 + 16*t - 8*t. Determine s(4).
12
Suppose 0 = 2*q + q. Let g(n) = -6*n**3 + n + 6. Let x(v) be the first derivative of v**4/4 - v + 1. Let h(p) = g(p) + 5*x(p). Determine h(q).
1
Let i(b) = -2*b**3 - b**2 + 2*b - 1. Let l(y) = -y - 3. Let c be l(-5). Suppose h + 1 = c*h. Calculate i(h).
-2
Let l = -81 - -973/12. Let r(x) be the second derivative of 2*x + 0 + 1/6*x**3 + 5/2*x**2 + l*x**4. Calculate r(0).
5
Let g(w) = 2*w + 2. Let d(x) = -2*x - 2. Let o(c) = 4*d(c) + 3*g(c). Let y(q) = -12 + 0*q - q + 3. Let n be y(-5). What is o(n)?
6
Let v be (-86)/(-18) + (-2)/(-9). Let h(n) = 5*n - 3. Let d be 2 - 2/(4 + -2). Let z(a) = a + 1. Let f(u) = d*h(u) - 3*z(u). Calculate f(v).
4
Suppose 0 = -b + 11 - 5. Let d(k) = -k**3 + 6*k**2 - 2. Give d(b).
-2
Let b(l) be the first derivative of 1/3*l**3 - 3/2*l**2 + 8 + 3*l. Determine b(4).
7
Let t(s) = -s**2 - 5*s + 6. Let a(o) = -o**3 - 4*o**2 - 2*o + 3. Let h be a(-3). Suppose h*k - 12 = k. Let i be (-4 - 0)*(-15)/k. Calculate t(i).
6
Let a(b) = -5 + 11*b + 555*b**2 - 3*b - 556*b**2. What is a(6)?
7
Let z be (-88)/11 + (-1 - -11). Let l(v) = 0 + 2*v + 0. Determine l(z).
4
Let s be 2/(-6)*3 - -1. Let p(q) = -q**3 - q - 6. Determine p(s).
-6
Let h(v) = -v**3 - 5*v**2 - 4*v - 3. Let t be 2 + (-2)/1*4. Let n = t + 3. What is h(n)?
-9
Let b(z) = 4 - 4*z**2 + 5*z + 1 - z**3 + 1 + 0*z. Determine b(-5).
6
Let p be 1*((-18)/3 + 1). Let c be 3/p + 46/10. Suppose -c*o = -2*l + 3*l - 6, 3*l = -o - 4. Let n(z) = z**3 - 3*z**2 - z - 1. What is n(o)?
-7
Let s(k) = -k**3 + 5*k**2 - 2*k + 3. Suppose -d + 6 + 36 = 0. Let a = d + -24. Let i = -13 + a. Determine s(i).
-7
Let w(k) be the third derivative of k**9/10080 - k**7/2520 + k**6/720 - k**5/30 + 2*k**2. Let m(p) be the third derivative of w(p). Calculate m(1).
5
Let s(y) = y**3 - y**2 - 3. Let v be s(0). Let d(c) = c**2 + 2*c - 3. Calculate d(v).
0
Let q(c) = -c + 2. Let n be (-18)/3*(-3)/6. Let t(b) = b - 2. Let j(y) = n*t(y) + 4*q(y). Determine j(-2).
4
Let n be (-2)/5 + 36/15. Let s(l) = 4*l**2